e (-10)/4*(-8)/10. Suppose v*g - 3*g = -3. Let s(m) = 4*m**2 - 5*m - 4*m + 2*m + m**g - 5 - m. Give s(-5).
10
Let x(p) be the third derivative of -p**4/24 + 7*p**3/6 + p**2. Suppose -y + 4*r = -16, -2*r - 20 = 4*y + 3*r. Suppose y = 7*a - 9*a. Determine x(a).
7
Let d(x) be the third derivative of 2*x**5/15 - x**3/6 - 12*x**2. Determine d(-1).
7
Let v(s) be the third derivative of s**4/24 - 7*s**3/6 + s**2. Give v(7).
0
Suppose -4*n - d + 0*d + 19 = 0, 4*n - 7 = 3*d. Let i(q) = -q. Let l(f) = -10*f - 3. Let a(o) = 22*i(o) - 2*l(o). Give a(n).
-2
Let c(k) be the third derivative of k**6/120 - k**5/12 + k**4/6 - k**3 + 9*k**2. Give c(4).
-6
Suppose -4*q + 5*w = -q - 22, -2*q = -w - 3. Let j(x) = -x**3 + x + 1. Let n(l) = l**3 + l + 2. Let u(h) = 3*j(h) - n(h). Give u(q).
3
Suppose -3*m + 2*q + 5 = 0, 3*m + 1 = 5*q - 0. Let n(x) = 3*x - 1. Let c(y) = 2 + 2*y - 2*y - 10*y. Let g(w) = 2*c(w) + 7*n(w). What is g(m)?
0
Let w be 26/(-10) - 6/15. Let a(j) = 3*j + 1. Calculate a(w).
-8
Let c be 1/((-3)/90) - 0. Let t be c/(-2)*2/6. Let s(n) = 3*n**2 - 9*n - 2 - 2*n**2 + 4*n + 3. Calculate s(t).
1
Suppose 4*g = 2*u - 12, -4*u + g = -3*u - 3. Let b(h) be the first derivative of -h**4/4 - h**2/2 - 2*h - 1. Determine b(u).
-2
Let w be 1 + 2/(-4)*-2. Suppose -25 = -3*n - w*z, 3*z - z = 10. Let m(r) = -r**3 + 6*r**2 - 6*r - 1. Calculate m(n).
-6
Let t(c) = c + 2. Let k(z) = -z - 2. Suppose 2 = -4*y - 22. Let q(r) = y*t(r) - 7*k(r). Suppose 0 = -2*f + 4*f. Give q(f).
2
Let v = 2 - 2. Let k(i) be the third derivative of -i**7/840 + i**5/120 + 7*i**4/24 + i**3/3 - i**2. Let s(z) be the first derivative of k(z). Calculate s(v).
7
Let q(r) = -13*r**2 - 2*r + 1. Suppose 8*n + 5 = 13*n. What is q(n)?
-14
Let o(l) be the third derivative of -l**4/12 + l**3/2 - 2*l**2 + 21*l. Calculate o(0).
3
Let x = -2 - -4. Let z(f) = 1 - 2 + x - 2*f**2 + f. Determine z(2).
-5
Let m(x) be the third derivative of x**6/240 - x**5/120 + x**4/4 + 3*x**2. Let s(w) be the second derivative of m(w). Give s(2).
5
Suppose 3*g - 3*q = 36, 56 = -g + 6*g - q. Let d(p) = -p**3 + 10*p**2 + 11*p - 3. What is d(g)?
-3
Suppose -4*t = 4, 0 = -4*u + 2*t - 17 - 5. Let y = u - -10. Let a(g) = 3*g - y*g + 0 - 1. Calculate a(-3).
2
Suppose 21 = 4*t - 5*j, -4*j = -t + 3 + 5. Suppose 23 - 1 = t*f + 2*m, 2*f + 2*m - 12 = 0. Let p(a) = 2*a - 6. Calculate p(f).
4
Let z = -19 - -22. Let x(v) = v**2 + v - 1. What is x(z)?
11
Let g(i) = i**3 + 6*i**2 - i - 5. Let l be g(-6). Let m(x) = -7*x**2. Give m(l).
-7
Let d(x) = -2*x - 26. Let c be d(-12). Let i(q) = q**2 + 3*q + 1. Give i(c).
-1
Let v be 4/14 - (-40)/7. Let q be v/12 - 6/(-4). Let m(s) be the first derivative of -2*s**2 - 1. Give m(q).
-8
Let a be (-4)/6*(0 + 3). Let h = 3 - a. Let m(f) = 2*f**2 + f**3 - 8*f**2 + 1 - 3 + h*f. Calculate m(5).
-2
Let w(u) = -u**3 + 7*u**2 - 5*u - 5. Let v be w(6). Let b(g) = 3*g + 3 - v - 1 - g**2. Let o be 0 + -1 + (8 - 3). Give b(o).
-3
Let r(h) = -h**2 + 7*h - 2. Suppose 3*s + 3*u = -s + 10, -2*s = 2*u - 4. What is r(s)?
10
Let l = -6 - -10. Suppose -5*g - 15 = -2*z, -g - l*g - 15 = 0. Let w(b) = -b - 10. Give w(z).
-10
Let o = -8 - -5. Let f(m) = m**2. Let g(s) = -5*s - 1. Let y(d) = -d**2 - 6*d. Let v(k) = -4*g(k) + 3*y(k). Let a(j) = 4*f(j) + v(j). Calculate a(o).
7
Let n(t) = 4*t**3 - t**2 + t. Let s be n(1). Let u(k) = -k - 5*k**2 - s + 5 - k**3 - 3*k + 2*k. Determine u(-4).
-7
Let d = 107 - 106. Let f(b) = -13*b**3 - b**2 - b + 1. Give f(d).
-14
Let d(f) = -f + 2. Let c(s) = 11*s**2 + 1 + 3*s - 2 - 13*s**2 - s. Let h be c(2). Calculate d(h).
7
Let p(q) = -q**2 - 5*q + 7. Let k be (-5 - 64/28) + (-4)/(-14). Determine p(k).
-7
Let n(d) = -d**2 + 8*d - 8. Let h(s) = -s**2 + 7*s - 7. Let q(u) = 3*h(u) - 4*n(u). Give q(10).
1
Let f = 7 - 11. Let y(n) be the third derivative of 0*n + 5/6*n**3 + 2*n**2 + 1/60*n**5 + 7/24*n**4 + 0. Give y(f).
-7
Let s(j) = 4*j**2 - j - 1. Let n(u) be the first derivative of -5*u**3/3 + u**2/2 + u + 2. Let y(b) = 3*n(b) + 4*s(b). What is y(2)?
1
Let c(z) = -z + 3. Let q be c(4). Let k(r) = 7*r**2 + 1. Calculate k(q).
8
Let x(d) = 2 + 1 + 2*d - 4 + 2. Determine x(-1).
-1
Let b(p) be the second derivative of -p**6/120 - 2*p**5/15 - p**4/3 - 7*p**3/6 + 4*p**2 + 7*p. Let r(q) be the first derivative of b(q). What is r(-7)?
0
Let c(m) be the second derivative of -m**5/20 - m**4/6 + m**3/3 - m**2 + 2*m. Suppose -14*k + 4 = 46. Give c(k).
1
Suppose 0 = -4*p + 3*p - 2*p. Let l(a) = -a**3 - a**2 + a - 14. What is l(p)?
-14
Let s be -1 - -2*(4 + -2). Let w(m) = m**2 + m + 1. Determine w(s).
13
Let j(a) = -20*a**3 + 7*a**2 - 13*a**2 - 4*a**3 - a + 8*a**2. Give j(1).
-23
Let d(z) be the third derivative of z**9/60480 - z**8/5040 + z**7/1260 - z**6/360 - z**5/20 + 2*z**2. Let p(w) be the third derivative of d(w). Determine p(2).
-2
Let h = -6 - -8. Let n(x) = x**2 - 2*x + 2. Determine n(h).
2
Let a(k) = 4*k**3 - 18*k**2 - 4*k + 22. Let r(v) = -3*v**3 + 12*v**2 + 3*v - 15. Let q(x) = -5*a(x) - 7*r(x). Calculate q(-6).
1
Let b(t) be the first derivative of -7*t - 1/4*t**4 + 1/2*t**2 + 5/3*t**3 + 3. Give b(5).
-2
Suppose -3 = -l - 3*h - 1, l - 4*h - 2 = 0. Let r(o) = 5*o. What is r(l)?
10
Let k(u) be the third derivative of -u**6/120 - 3*u**5/20 + 5*u**3/6 - 3*u**2 + 15. What is k(-9)?
5
Let h(v) = -7*v - 1. Suppose -5*j = -j + 12. Let u = 6 - j. Let t = 7 - u. Determine h(t).
13
Let a(n) = 1. Let i be (27/6)/((-6)/(-8)). Let h(o) = 3*o**2 - 2*o - 8. Let q(b) = i*a(b) + h(b). Let l = 9 - 7. Determine q(l).
6
Let j(m) = 3*m. Let y = -29 + 26. Determine j(y).
-9
Let c(b) = -b**2 - 8*b - 2. Let d = 9 + -15. What is c(d)?
10
Let c(w) be the third derivative of -w**5/15 - w**4/24 - w**3/6 - 3*w**2. Calculate c(-2).
-15
Let x(h) = -2 + 0*h + 5*h - 3*h. Calculate x(-4).
-10
Let x(p) = p**3 - 1. Let s(j) = -5*j**3 - 5*j**2 + 3*j + 8. Suppose -m + 2 = -2*y - 6, y + 4*m = -22. Let l(n) = y*x(n) - s(n). What is l(4)?
2
Let c(y) be the first derivative of -y**2 - 2*y - 23. Suppose 3*s = -12, 3*x + 14 = -6*s + s. Determine c(x).
-6
Let o be ((-12)/10)/((-6)/80). Suppose -5*t - 2*l - o = 2*l, 8 = -2*l. Let q(n) = n + 27 - 27. Determine q(t).
0
Let y(a) be the second derivative of -a**3/6 - 11*a**2/2 + 2*a. Suppose -3*l + 5*l - 60 = 0. Suppose p = -4*p - l. What is y(p)?
-5
Let p = 11 - 9. Let v(q) = q - q + p + 28*q**2 - 30*q**2. What is v(2)?
-6
Suppose b = 3*b - 8. Suppose 5*f = 2*f + 6. Let s(h) = -2 + h - h**f - 1 + 3*h + 5. What is s(b)?
2
Let b be (1 + (-4)/6)*21. Let z(o) = -2 - 2*o**2 + 0*o**3 + o**3 + 6*o**2 - b*o. Suppose -2*v + 3*w = -5, -3*v + 3*w + 10 = -2*v. Determine z(v).
8
Let n = 37 - 42. Let a(w) = 2*w - 3 + 5*w**2 + w**3 + 7 + 2. What is a(n)?
-4
Let n(q) = -q**3 - 9*q**2 - 11*q + 14. Let j be n(-7). Let r(s) = s**2 + 7*s + 3. Calculate r(j).
3
Let b(f) = f - f - 1 - 9*f**3 + 2*f**2. Let l be (-2 - (1 + -2))*2/2. Determine b(l).
10
Let r(g) = 3 + g - 1 - 3. What is r(2)?
1
Let r(g) = -g**3 - 5*g**2 + g + 2. Let y be r(-5). Let j(o) = o**3 + 4*o**2 - o - 2. Determine j(y).
10
Suppose -39 = -20*h + 17*h. Let u(o) = h*o - 4*o - 10*o + 1. Suppose 6*y - 4*y - 10 = 0. What is u(y)?
-4
Suppose -2*t + 0*t - 4*z + 6 = 0, 2*t + z - 9 = 0. Let q(g) be the second derivative of -g**3/6 + 5*g**2/2 - g. Let j be q(t). Let s(d) = -d. Calculate s(j).
0
Let z(q) = q**2 - 2*q + 1. Let o = 4 + -2. Let c be z(o). Let k be -2*c/(-4)*-10. Let y(x) = x - 1. Determine y(k).
-6
Let d(u) = u + 4. Let c(b) = -5 + 5 + 0*b - b**2 - 4*b**3 - b. Let l be c(-1). Suppose r - 5 = 0, -i = 4*i - l*r + 35. Calculate d(i).
1
Let g(f) = 7 - 3*f**3 - 6 - 2*f**2 + 2*f**3. Suppose -2*j + 2 = -0*j. Let d = -1 - j. Give g(d).
1
Let l be ((-20)/(-15))/((-2)/(-6)). Let v(i) = i**2 - 3*i - 3. Give v(l).
1
Let n(p) = -2*p**2 - 9*p - 5. Let d be n(-3). Let i(f) = 2*f - 12. Let c(a) = -9 + 2 - 6 + 2*a. Let x(j) = -6*c(j) + 7*i(j). Determine x(d).
2
Let l = 6 + -5. Let z be 1 + 3 + (-3)/l. Let p(a) = 6*a**3 - a**2. Calculate p(z).
5
Suppose -3*q - 6 = 3*u, -q + 0 = -3*u + 2. Let t be (-4)/3*3/q. Let f(b) = 6 + b**t + 5*b + 2*b - 2*b**2 - 2*b. Calculate f(5).
6
Suppose 22 = 5*n - 6*t + 3*t, 4*n - 3*t - 20 = 0. Let i(l) = -3*l**2 + 4*l - 2. What is i(n)?
-6
Let n(k) = 2*k**2 - 5*k - 3. Let h = 13 - 10. Let t(d) = -d**2 + 4*d + 2. Let v(f) = h*n(f) 